{"id":15,"date":"2026-05-04T16:41:24","date_gmt":"2026-05-04T16:41:24","guid":{"rendered":"https:\/\/dreamtechnology.info\/?post_type=product&#038;p=15"},"modified":"2026-05-04T17:29:04","modified_gmt":"2026-05-04T17:29:04","slug":"test-1","status":"publish","type":"product","link":"https:\/\/dreamtechnology.info\/?product=test-1","title":{"rendered":"HP ELITEBOOK 830 G6 Neuf Dans Carton"},"content":{"rendered":"<p>\u2705Processeur : Intel \u00ae\ufe0f Core \u2122\ufe0f i5-825U<br \/>\n\u2705Taille \u00e9cran : 13.3 pouces<br \/>\n\u2705 DisqueDur : 512 Go SSD<br \/>\n\u2705 Ram : 16 Go<br \/>\n\u2705Vitesse processeur : 1.6Ghz 1.8Ghz<br \/>\n\u2705G\u00e9n\u00e9ration : 8\u00e8me<br \/>\n\u2705Carte graphique : Intel \u00ae\ufe0f HD Graphics HD 620<br \/>\n\u2705Syst\u00e8me d&#8217;exploitation : WINDOWS 10 ou 11<br \/>\n\u2705Pack office : oui<br \/>\n\u2705WI-FI : oui<br \/>\n\u2705Langue Clavier : AZERTY fran\u00e7ais<br \/>\n\u2705Webcam : oui<br \/>\n\u2705Microphone : oui<br \/>\n\u2705Audio : 2 haut-parleurs<br \/>\n\u2705Port USB : 2<br \/>\n\u2705HDMI :OUI<\/p>\n","protected":false},"excerpt":{"rendered":"<p>Ordinateur Portable HP ELITEBOOK 830 G6 Neuf Dans Carton<\/p>\n<p>\u2705Processeur : Intel \u00ae\ufe0f Core \u2122\ufe0f i5-825U<br \/>\n\u2705Taille \u00e9cran : 13.3 pouces<br \/>\n\u2705 DisqueDur : 512 Go SSD<br \/>\n\u2705 Ram : 16 Go<br \/>\n\u2705Vitesse processeur : 1.6Ghz 1.8Ghz<br \/>\n\u2705G\u00e9n\u00e9ration : 8\u00e8me<br \/>\n\u2705Carte graphique : Intel \u00ae\ufe0f HD Graphics HD 620<br \/>\n\u2705Syst\u00e8me d&#8217;exploitation : WINDOWS 10 ou 11<br \/>\n\u2705Pack office : oui<br \/>\n\u2705WI-FI : oui<br \/>\n\u2705Langue Clavier : AZERTY fran\u00e7ais<br \/>\n\u2705Webcam : oui<br \/>\n\u2705Microphone : oui<br \/>\n\u2705Audio : 2 haut-parleurs<br \/>\n\u2705Port USB : 2<br \/>\n\u2705HDMI :OUI<\/p>\n<p>Offre Promotionnelle et Livraison Possible partout en C\u00f4te d&#8217;Ivoire<\/p>\n","protected":false},"featured_media":30,"comment_status":"open","ping_status":"closed","template":"","meta":{"site-sidebar-layout":"default","site-content-layout":"","ast-site-content-layout":"default","site-content-style":"default","site-sidebar-style":"default","ast-global-header-display":"","ast-banner-title-visibility":"","ast-main-header-display":"","ast-hfb-above-header-display":"","ast-hfb-below-header-display":"","ast-hfb-mobile-header-display":"","site-post-title":"","ast-breadcrumbs-content":"","ast-featured-img":"","footer-sml-layout":"","ast-disable-related-posts":"","theme-transparent-header-meta":"default","adv-header-id-meta":"","stick-header-meta":"","header-above-stick-meta":"","header-main-stick-meta":"","header-below-stick-meta":"","astra-migrate-meta-layouts":"set","ast-page-background-enabled":"default","ast-page-background-meta":{"desktop":{"background-color":"var(--ast-global-color-5)","background-image":"","background-repeat":"repeat","background-position":"center center","background-size":"auto","background-attachment":"scroll","background-type":"","background-media":"","overlay-type":"","overlay-color":"","overlay-opacity":"","overlay-gradient":""},"tablet":{"background-color":"","background-image":"","background-repeat":"repeat","background-position":"center center","background-size":"auto","background-attachment":"scroll","background-type":"","background-media":"","overlay-type":"","overlay-color":"","overlay-opacity":"","overlay-gradient":""},"mobile":{"background-color":"","background-image":"","background-repeat":"repeat","background-position":"center center","background-size":"auto","background-attachment":"scroll","background-type":"","background-media":"","overlay-type":"","overlay-color":"","overlay-opacity":"","overlay-gradient":""}},"ast-content-background-meta":{"desktop":{"background-color":"var(--ast-global-color-4)","background-image":"","background-repeat":"repeat","background-position":"center center","background-size":"auto","background-attachment":"scroll","background-type":"","background-media":"","overlay-type":"","overlay-color":"","overlay-opacity":"","overlay-gradient":""},"tablet":{"background-color":"var(--ast-global-color-4)","background-image":"","background-repeat":"repeat","background-position":"center center","background-size":"auto","background-attachment":"scroll","background-type":"","background-media":"","overlay-type":"","overlay-color":"","overlay-opacity":"","overlay-gradient":""},"mobile":{"background-color":"var(--ast-global-color-4)","background-image":"","background-repeat":"repeat","background-position":"center center","background-size":"auto","background-attachment":"scroll","background-type":"","background-media":"","overlay-type":"","overlay-color":"","overlay-opacity":"","overlay-gradient":""}}},"product_brand":[],"product_cat":[17],"product_tag":[],"class_list":{"0":"post-15","1":"product","2":"type-product","3":"status-publish","4":"has-post-thumbnail","6":"product_cat-ordinateurs","7":"desktop-align-left","8":"tablet-align-left","9":"mobile-align-left","11":"first","12":"instock","13":"sale","14":"downloadable","15":"shipping-taxable","16":"purchasable","17":"product-type-simple"},"_links":{"self":[{"href":"https:\/\/dreamtechnology.info\/index.php?rest_route=\/wp\/v2\/product\/15","targetHints":{"allow":["GET"]}}],"collection":[{"href":"https:\/\/dreamtechnology.info\/index.php?rest_route=\/wp\/v2\/product"}],"about":[{"href":"https:\/\/dreamtechnology.info\/index.php?rest_route=\/wp\/v2\/types\/product"}],"replies":[{"embeddable":true,"href":"https:\/\/dreamtechnology.info\/index.php?rest_route=%2Fwp%2Fv2%2Fcomments&post=15"}],"wp:featuredmedia":[{"embeddable":true,"href":"https:\/\/dreamtechnology.info\/index.php?rest_route=\/wp\/v2\/media\/30"}],"wp:attachment":[{"href":"https:\/\/dreamtechnology.info\/index.php?rest_route=%2Fwp%2Fv2%2Fmedia&parent=15"}],"wp:term":[{"taxonomy":"product_brand","embeddable":true,"href":"https:\/\/dreamtechnology.info\/index.php?rest_route=%2Fwp%2Fv2%2Fproduct_brand&post=15"},{"taxonomy":"product_cat","embeddable":true,"href":"https:\/\/dreamtechnology.info\/index.php?rest_route=%2Fwp%2Fv2%2Fproduct_cat&post=15"},{"taxonomy":"product_tag","embeddable":true,"href":"https:\/\/dreamtechnology.info\/index.php?rest_route=%2Fwp%2Fv2%2Fproduct_tag&post=15"}],"curies":[{"name":"wp","href":"https:\/\/api.w.org\/{rel}","templated":true}]}}